t common divisor of 1840 and 345?
115
What is the highest common factor of 2509 and 1930?
193
What is the greatest common divisor of 42 and 2289?
21
Calculate the highest common factor of 7728 and 414.
138
Calculate the greatest common factor of 34 and 3842.
34
What is the highest common factor of 636 and 12?
12
What is the greatest common divisor of 1012 and 368?
92
What is the highest common divisor of 56 and 5768?
56
What is the highest common factor of 9 and 72?
9
Calculate the highest common divisor of 24 and 9.
3
Calculate the highest common factor of 22 and 11693.
11
What is the greatest common divisor of 42 and 4179?
21
Calculate the greatest common divisor of 8 and 340.
4
Calculate the highest common divisor of 7 and 9702.
7
What is the highest common factor of 5472 and 18?
18
Calculate the greatest common factor of 82 and 41.
41
What is the greatest common divisor of 378 and 28?
14
Calculate the greatest common divisor of 85 and 20.
5
Calculate the highest common factor of 2321 and 422.
211
Calculate the highest common divisor of 200 and 775.
25
Calculate the greatest common divisor of 196 and 1050.
14
What is the greatest common factor of 84 and 2996?
28
What is the greatest common factor of 63 and 99?
9
Calculate the greatest common factor of 24 and 132.
12
What is the greatest common factor of 24 and 63?
3
Calculate the greatest common factor of 1524 and 635.
127
Calculate the highest common divisor of 1510 and 10.
10
Calculate the highest common divisor of 1711 and 29.
29
What is the greatest common divisor of 77 and 6853?
77
Calculate the highest common factor of 272 and 16.
16
Calculate the greatest common divisor of 68 and 153.
17
Calculate the highest common divisor of 1007 and 171.
19
Calculate the highest common factor of 24 and 1016.
8
What is the greatest common divisor of 644 and 7?
7
Calculate the highest common divisor of 300 and 1100.
100
Calculate the greatest common factor of 4 and 84.
4
Calculate the highest common divisor of 4471 and 51.
17
Calculate the greatest common divisor of 412 and 8.
4
Calculate the highest common divisor of 1485 and 30.
15
Calculate the greatest common divisor of 50 and 25.
25
Calculate the highest common divisor of 555 and 135.
15
Calculate the greatest common divisor of 5955 and 15.
15
What is the highest common factor of 32 and 1632?
32
Calculate the highest common factor of 1 and 10119.
1
Calculate the highest common divisor of 25 and 1175.
25
What is the greatest common divisor of 15 and 588?
3
What is the highest common divisor of 3552 and 148?
148
Calculate the greatest common divisor of 2419 and 41.
41
Calculate the greatest common factor of 88 and 55.
11
What is the highest common factor of 145 and 15?
5
What is the highest common divisor of 180 and 171?
9
What is the highest common factor of 1560 and 15?
15
Calculate the highest common factor of 6860 and 10.
10
Calculate the greatest common divisor of 214 and 2.
2
Calculate the highest common divisor of 591 and 3.
3
Calculate the greatest common factor of 50 and 1525.
25
What is the highest common factor of 561 and 66?
33
What is the greatest common factor of 20842 and 34?
34
Calculate the highest common divisor of 57 and 1767.
57
What is the greatest common divisor of 680 and 510?
170
Calculate the highest common factor of 2604 and 2100.
84
What is the greatest common factor of 30 and 1698?
6
What is the highest common factor of 26 and 481?
13
Calculate the greatest common divisor of 105 and 15.
15
Calculate the greatest common factor of 66 and 3872.
22
Calculate the highest common factor of 1275 and 153.
51
What is the highest common factor of 370 and 220?
10
What is the highest common factor of 14 and 574?
14
Calculate the greatest common divisor of 28 and 55468.
28
What is the highest common divisor of 25 and 1450?
25
Calculate the highest common factor of 1274 and 4.
2
What is the highest common factor of 4312 and 7840?
392
What is the highest common factor of 4825 and 75?
25
What is the greatest common factor of 19 and 513?
19
What is the greatest common divisor of 30 and 1950?
30
What is the greatest common divisor of 486 and 18?
18
What is the greatest common factor of 1024 and 896?
128
Calculate the highest common divisor of 4741 and 55.
11
Calculate the greatest common factor of 25 and 65.
5
What is the highest common factor of 16036 and 152?
76
Calculate the greatest common factor of 170 and 12835.
85
What is the highest common divisor of 154 and 12?
2
Calculate the greatest common divisor of 1592 and 4378.
398
Calculate the highest common divisor of 13 and 871.
13
What is the highest common divisor of 11 and 1738?
11
Calculate the highest common divisor of 14279 and 131.
131
Calculate the greatest common divisor of 42 and 21.
21
Calculate the greatest common factor of 5626 and 232.
58
Calculate the highest common divisor of 16002 and 126.
126
Calculate the highest common divisor of 338 and 52.
26
Calculate the highest common factor of 648 and 736.
8
What is the highest common factor of 5660 and 10?
10
What is the greatest common factor of 16 and 14?
2
What is the greatest common divisor of 129 and 3741?
129
What is the highest common divisor of 301 and 7?
7
What is the greatest common factor of 182 and 98?
14
Calculate the greatest common divisor of 39736 and 8.
8
What is the greatest common divisor of 195 and 105?
15
What is the greatest common factor of 88 and 946?
22
What is the greatest common divisor of 52 and 1339?
13
What is the greatest common factor of 6656 and 26?
26
What is the highest common divisor of 540 and 162?
54
Calculate the greatest common divisor of 3 and 75.
3
What is the highest common factor of 34 and 55964?
34
Calculate the greatest common divisor of 2725 and 25.
25
What is the highest common divisor of 88 and 1144?
88
Calculate the greatest common divisor of 575 and 25.
25
Calculate the highest common divisor of 20 and 710.
10
Calculate the highest common divisor of 28 and 672.
28
Calculate the highest common divisor of 3 and 25.
1
Calculate the greatest common factor of 325 and 52.
13
Calculate the greatest common factor of 41 and 22181.
41
What is the greatest common factor of 21 and 1666?
7
What is the highest common divisor of 264 and 12?
12
Calculate the greatest common divisor of 1748 and 8.
4
What is the highest common divisor of 396 and 2?
2
Calculate the highest common factor of 782 and 2210.
34
What is the highest common divisor of 6 and 114?
6
Calculate the greatest common factor of 6 and 174.
6
Calculate the greatest common factor of 5 and 2.
1
What is the greatest common divisor of 325 and 75?
25
Calculate the highest common factor of 7 and 31367.
7
Calculate the greatest common factor of 630 and 910.
70
Calculate the greatest common factor of 22 and 1738.
22
What is the greatest common factor of 275 and 375?
25
Calculate the highest common factor of 559 and 3053.
43
Calculate the greatest common factor of 92 and 1334.
46
Calculate the greatest common divisor of 95 and 7372.
19
Calculate the greatest common factor of 90 and 1062.
18
What is the greatest common divisor of 295 and 1239?
59
What is the highest common divisor of 50 and 3350?
50
Calculate the greatest common divisor of 897 and 39.
39
What is the greatest common divisor of 184 and 644?
92
What is the greatest common divisor of 10 and 410?
10
What is the greatest common factor of 10 and 40?
10
Calculate the highest common factor of 200 and 75.
25
Calculate the highest common factor of 38 and 1178.
38
What is the greatest common divisor of 20 and 20?
20
What is the highest common divisor of 100 and 3750?
50
What is the highest common factor of 64 and 1264?
16
What is the greatest common factor of 13515 and 318?
159
What is the greatest common divisor of 44 and 297?
11
What is the highest common divisor of 3 and 543?
3
What is the highest common divisor of 6 and 36?
6
Calculate the greatest common divisor of 33 and 627.
33
Calculate the highest common factor of 2724 and 12.
12
What is the greatest common divisor of 20 and 45?
5
What is the highest common divisor of 4935 and 135?
15
What is the greatest common factor of 1927 and 329?
47
What is the greatest common factor of 72 and 306?
18
What is the greatest common 